{"id":178,"date":"2018-04-04T09:49:28","date_gmt":"2018-04-04T08:49:28","guid":{"rendered":"http:\/\/localhost\/wordpress\/?page_id=178"},"modified":"2018-11-17T14:32:54","modified_gmt":"2018-11-17T12:32:54","slug":"weihnachten","status":"publish","type":"page","link":"https:\/\/slanda.de\/?page_id=178","title":{"rendered":"Weihnachten"},"content":{"rendered":"<hr>\n<p><img loading=\"lazy\" decoding=\"async\" class=\"alignnone wp-image-632\" style=\"float: right;\" src=\"http:\/\/slanda.de\/wp-content\/uploads\/2018\/04\/20180412_200639_279x253.jpg\" alt=\"\" width=\"200\" height=\"175\"><\/p>\n<p style=\"text-indent: 2px; text-align: left; word-spacing: normal; letter-spacing: 0px; font-variant: small-caps; font-style: oblique;\">M\u00e4rchenhaft, idyllische Winterlandschaften, Schneeballschlachten lachender Kinder gepaart mit vorweihnachtlicher Stimmung.. lassen Sie sich von unseren sinnlichen Engelsfiguren umh\u00fcllt von festlich geschm\u00fcckten Schalen verzaubern!<\/p>\n<hr>\n<h4><strong>KURZE BESCHREIBUNG<\/strong><\/h4>\n<h5><strong>Schalen<\/strong><\/h5>\n<p><img loading=\"lazy\" decoding=\"async\" class=\"wp-image-968 size-medium alignleft\" src=\"http:\/\/slanda.de\/wp-content\/uploads\/2018\/11\/2Engel_mitSchaleUndHolz-225x300.jpg\" alt=\"\" width=\"225\" height=\"300\" srcset=\"https:\/\/slanda.de\/wp-content\/uploads\/2018\/11\/2Engel_mitSchaleUndHolz-225x300.jpg 225w, https:\/\/slanda.de\/wp-content\/uploads\/2018\/11\/2Engel_mitSchaleUndHolz.jpg 660w\" sizes=\"auto, (max-width: 225px) 100vw, 225px\" \/><\/p>\n<p>Alle Objekte sind zwischen 15- 25 cm breit\/tief und zwischen 20-30cm hoch. Die Schalen sind aus Beton, die Figuren teilweise aus Beton\/Gips\/Ton, die anderen Gegenst\u00e4nde aus Hart-Kunststoff, zus\u00e4tzlich finden sich auch gew\u00f6hnliche, gef\u00e4rbte Steine im Innenraum. Als Beleuchtung dienen batteriegetriebenen Teelichter, entweder als einfarbige, flimmernde Variante oder mit Farbwechsel. Die Innenseite der Schale ist mit einer reflektierenden Farbe (Gold \/ Silber \/ Bronze \/ Champanger) bedeckt, die bei Teelichtern mit Farbwechsel dem Farbverlauf selbst folgt. Sowohl die Innenseite als die Au\u00dfenseite der Schale kann glatt sein oder ein Muster (\u00e4hnlich der Abbildung) aufweisen.<\/p>\n<p>Diese Farben werden f\u00fcr das Innere der Schalen verwendet:<\/p>\n<table>\n<tbody>\n<tr>\n<td>\n<p><figure id=\"attachment_356\" aria-describedby=\"caption-attachment-356\" style=\"width: 150px\" class=\"wp-caption aligncenter\"><img loading=\"lazy\" decoding=\"async\" class=\"wp-image-356 size-thumbnail\" src=\"http:\/\/slanda.de\/wp-content\/uploads\/2018\/04\/farbe_silber-150x150.jpg\" alt=\"\" width=\"150\" height=\"150\"><figcaption id=\"caption-attachment-356\" class=\"wp-caption-text\">Silber<\/figcaption><\/figure><\/td>\n<td>\n<p><figure id=\"attachment_354\" aria-describedby=\"caption-attachment-354\" style=\"width: 150px\" class=\"wp-caption aligncenter\"><img loading=\"lazy\" decoding=\"async\" class=\"wp-image-354 size-thumbnail\" src=\"http:\/\/slanda.de\/wp-content\/uploads\/2018\/04\/farbe_champanger-150x150.jpg\" alt=\"\" width=\"150\" height=\"150\"><figcaption id=\"caption-attachment-354\" class=\"wp-caption-text\">Champanger<\/figcaption><\/figure><\/td>\n<td>\n<p><figure id=\"attachment_355\" aria-describedby=\"caption-attachment-355\" style=\"width: 150px\" class=\"wp-caption aligncenter\"><img loading=\"lazy\" decoding=\"async\" class=\"wp-image-355 size-thumbnail\" src=\"http:\/\/slanda.de\/wp-content\/uploads\/2018\/04\/farbe_gold-150x150.jpg\" alt=\"\" width=\"150\" height=\"150\"><figcaption id=\"caption-attachment-355\" class=\"wp-caption-text\">Gold<\/figcaption><\/figure><\/td>\n<td>\n<p><figure id=\"attachment_353\" aria-describedby=\"caption-attachment-353\" style=\"width: 150px\" class=\"wp-caption aligncenter\"><img loading=\"lazy\" decoding=\"async\" class=\"wp-image-353 size-thumbnail\" src=\"http:\/\/slanda.de\/wp-content\/uploads\/2018\/04\/farbe_bronze-150x150.jpg\" alt=\"\" width=\"150\" height=\"150\"><figcaption id=\"caption-attachment-353\" class=\"wp-caption-text\">Bronze<\/figcaption><\/figure><\/td>\n<\/tr>\n<\/tbody>\n<\/table>\n<h5>St\u00e4mme<\/h5>\n<p><img loading=\"lazy\" decoding=\"async\" class=\"size-medium wp-image-919 alignright\" src=\"http:\/\/slanda.de\/wp-content\/uploads\/2018\/10\/holz_rost_Weihnachten-225x300.jpg\" alt=\"\" width=\"225\" height=\"300\" srcset=\"https:\/\/slanda.de\/wp-content\/uploads\/2018\/10\/holz_rost_Weihnachten-225x300.jpg 225w, https:\/\/slanda.de\/wp-content\/uploads\/2018\/10\/holz_rost_Weihnachten.jpg 756w\" sizes=\"auto, (max-width: 225px) 100vw, 225px\" \/><br \/>\nZus\u00e4tzlich haben wir neue Kreation aus Birkenst\u00e4mmen, stillvoll weihnachtlich dekoriert mit einer Rostflamme an der Spitze. Die St\u00e4mme haben den Durchmesser zwischen 8-10 cm, und sind mit der Rostflamme jeweils 60-62 cm, 45cm und 30 cm hoch.<\/p>\n<h5>Deko aus Glas<\/h5>\n<p><img loading=\"lazy\" decoding=\"async\" class=\"alignleft wp-image-767 size-medium\" src=\"http:\/\/slanda.de\/wp-content\/uploads\/2018\/09\/Glas20cm_KerzeBirkenzweig-236x300.jpg\" alt=\"\" width=\"236\" height=\"300\" srcset=\"https:\/\/slanda.de\/wp-content\/uploads\/2018\/09\/Glas20cm_KerzeBirkenzweig-236x300.jpg 236w, https:\/\/slanda.de\/wp-content\/uploads\/2018\/09\/Glas20cm_KerzeBirkenzweig.jpg 479w\" sizes=\"auto, (max-width: 236px) 100vw, 236px\" \/>Die neuesten Gegenst\u00e4nde in unserem Sortiment sind Glasbeh\u00e4lter unterschiedlicher H\u00f6he (10-30cm) und mit unterschiedlichen Durchmessern (5-15cm), weihnachtlich in Szene gesetzt, die mit einer passenden Kerze, die in Deko-Kieselsteine eingebettet ist, abgerundet sind.<\/p>\n<p>&nbsp;<\/p>\n<p>&nbsp;<\/p>\n<p>&nbsp;<\/p>\n<hr>\n<p><strong>Bei allen Dekogegenst\u00e4nden handelt es sich um handgefertigte Produkte, die f\u00fcr sich einzigartig sind. Die abgebildete Gr\u00f6\u00dfe oder Farbe oder auch kleine Details der Ausstattung k\u00f6nnen im Original leicht abweichen, die Abbildungen sollen nur den Gesamteindruck vermitteln.<\/strong><\/p>\n<hr>\n<h4 style=\"text-indent: 2px; text-align: left; word-spacing: normal; letter-spacing: 1px; font-variant: small-caps;\">Einige Beispiele Bereits Gebauter Exemplare<\/h4>\nngg_shortcode_0_placeholder\n","protected":false},"excerpt":{"rendered":"<p>M\u00e4rchenhaft, idyllische Winterlandschaften, Schneeballschlachten lachender Kinder gepaart mit vorweihnachtlicher Stimmung.. lassen Sie sich von unseren sinnlichen Engelsfiguren umh\u00fcllt von festlich geschm\u00fcckten Schalen verzaubern! KURZE BESCHREIBUNG Schalen Alle Objekte sind zwischen 15- 25 cm breit\/tief und zwischen 20-30cm hoch. Die Schalen sind aus Beton, die Figuren teilweise aus Beton\/Gips\/Ton, die anderen Gegenst\u00e4nde aus Hart-Kunststoff, zus\u00e4tzlich finden &hellip; <a href=\"https:\/\/slanda.de\/?page_id=178\" class=\"more-link\">Continue reading <span class=\"screen-reader-text\">Weihnachten<\/span><\/a><\/p>\n","protected":false},"author":1,"featured_media":0,"parent":174,"menu_order":0,"comment_status":"closed","ping_status":"closed","template":"","meta":{"_monsterinsights_skip_tracking":false,"_monsterinsights_sitenote_active":false,"_monsterinsights_sitenote_note":"","_monsterinsights_sitenote_category":0,"ngg_post_thumbnail":0,"footnotes":""},"class_list":["post-178","page","type-page","status-publish","hentry"],"aioseo_notices":[],"_links":{"self":[{"href":"https:\/\/slanda.de\/index.php?rest_route=\/wp\/v2\/pages\/178","targetHints":{"allow":["GET"]}}],"collection":[{"href":"https:\/\/slanda.de\/index.php?rest_route=\/wp\/v2\/pages"}],"about":[{"href":"https:\/\/slanda.de\/index.php?rest_route=\/wp\/v2\/types\/page"}],"author":[{"embeddable":true,"href":"https:\/\/slanda.de\/index.php?rest_route=\/wp\/v2\/users\/1"}],"replies":[{"embeddable":true,"href":"https:\/\/slanda.de\/index.php?rest_route=%2Fwp%2Fv2%2Fcomments&post=178"}],"version-history":[{"count":29,"href":"https:\/\/slanda.de\/index.php?rest_route=\/wp\/v2\/pages\/178\/revisions"}],"predecessor-version":[{"id":1013,"href":"https:\/\/slanda.de\/index.php?rest_route=\/wp\/v2\/pages\/178\/revisions\/1013"}],"up":[{"embeddable":true,"href":"https:\/\/slanda.de\/index.php?rest_route=\/wp\/v2\/pages\/174"}],"wp:attachment":[{"href":"https:\/\/slanda.de\/index.php?rest_route=%2Fwp%2Fv2%2Fmedia&parent=178"}],"curies":[{"name":"wp","href":"https:\/\/api.w.org\/{rel}","templated":true}]}}

<hr>
<p><img loading="lazy" decoding="async" class="alignnone wp-image-632" style="float: right;" src="http://slanda.de/wp-content/uploads/2018/04/20180412_200639_279x253.jpg" alt="" width="200" height="175"></p>
<p style="text-indent: 2px; text-align: left; word-spacing: normal; letter-spacing: 0px; font-variant: small-caps; font-style: oblique;">Märchenhaft, idyllische Winterlandschaften, Schneeballschlachten lachender Kinder gepaart mit vorweihnachtlicher Stimmung.. lassen Sie sich von unseren sinnlichen Engelsfiguren umhüllt von festlich geschmückten Schalen verzaubern!</p>
<hr>
<h4><strong>KURZE BESCHREIBUNG</strong></h4>
<h5><strong>Schalen</strong></h5>
<p><img loading="lazy" decoding="async" class="wp-image-968 size-medium alignleft" src="http://slanda.de/wp-content/uploads/2018/11/2Engel_mitSchaleUndHolz-225x300.jpg" alt="" width="225" height="300" srcset="https://slanda.de/wp-content/uploads/2018/11/2Engel_mitSchaleUndHolz-225x300.jpg 225w, https://slanda.de/wp-content/uploads/2018/11/2Engel_mitSchaleUndHolz.jpg 660w" sizes="auto, (max-width: 225px) 100vw, 225px" /></p>
<p>Alle Objekte sind zwischen 15- 25 cm breit/tief und zwischen 20-30cm hoch. Die Schalen sind aus Beton, die Figuren teilweise aus Beton/Gips/Ton, die anderen Gegenstände aus Hart-Kunststoff, zusätzlich finden sich auch gewöhnliche, gefärbte Steine im Innenraum. Als Beleuchtung dienen batteriegetriebenen Teelichter, entweder als einfarbige, flimmernde Variante oder mit Farbwechsel. Die Innenseite der Schale ist mit einer reflektierenden Farbe (Gold / Silber / Bronze / Champanger) bedeckt, die bei Teelichtern mit Farbwechsel dem Farbverlauf selbst folgt. Sowohl die Innenseite als die Außenseite der Schale kann glatt sein oder ein Muster (ähnlich der Abbildung) aufweisen.</p>
<p>Diese Farben werden für das Innere der Schalen verwendet:</p>
<table>
<tbody>
<tr>
<td>
<p><figure id="attachment_356" aria-describedby="caption-attachment-356" style="width: 150px" class="wp-caption aligncenter"><img loading="lazy" decoding="async" class="wp-image-356 size-thumbnail" src="http://slanda.de/wp-content/uploads/2018/04/farbe_silber-150x150.jpg" alt="" width="150" height="150"><figcaption id="caption-attachment-356" class="wp-caption-text">Silber</figcaption></figure></td>
<td>
<p><figure id="attachment_354" aria-describedby="caption-attachment-354" style="width: 150px" class="wp-caption aligncenter"><img loading="lazy" decoding="async" class="wp-image-354 size-thumbnail" src="http://slanda.de/wp-content/uploads/2018/04/farbe_champanger-150x150.jpg" alt="" width="150" height="150"><figcaption id="caption-attachment-354" class="wp-caption-text">Champanger</figcaption></figure></td>
<td>
<p><figure id="attachment_355" aria-describedby="caption-attachment-355" style="width: 150px" class="wp-caption aligncenter"><img loading="lazy" decoding="async" class="wp-image-355 size-thumbnail" src="http://slanda.de/wp-content/uploads/2018/04/farbe_gold-150x150.jpg" alt="" width="150" height="150"><figcaption id="caption-attachment-355" class="wp-caption-text">Gold</figcaption></figure></td>
<td>
<p><figure id="attachment_353" aria-describedby="caption-attachment-353" style="width: 150px" class="wp-caption aligncenter"><img loading="lazy" decoding="async" class="wp-image-353 size-thumbnail" src="http://slanda.de/wp-content/uploads/2018/04/farbe_bronze-150x150.jpg" alt="" width="150" height="150"><figcaption id="caption-attachment-353" class="wp-caption-text">Bronze</figcaption></figure></td>
</tr>
</tbody>
</table>
<h5>Stämme</h5>
<p><img loading="lazy" decoding="async" class="size-medium wp-image-919 alignright" src="http://slanda.de/wp-content/uploads/2018/10/holz_rost_Weihnachten-225x300.jpg" alt="" width="225" height="300" srcset="https://slanda.de/wp-content/uploads/2018/10/holz_rost_Weihnachten-225x300.jpg 225w, https://slanda.de/wp-content/uploads/2018/10/holz_rost_Weihnachten.jpg 756w" sizes="auto, (max-width: 225px) 100vw, 225px" /><br />
Zusätzlich haben wir neue Kreation aus Birkenstämmen, stillvoll weihnachtlich dekoriert mit einer Rostflamme an der Spitze. Die Stämme haben den Durchmesser zwischen 8-10 cm, und sind mit der Rostflamme jeweils 60-62 cm, 45cm und 30 cm hoch.</p>
<h5>Deko aus Glas</h5>
<p><img loading="lazy" decoding="async" class="alignleft wp-image-767 size-medium" src="http://slanda.de/wp-content/uploads/2018/09/Glas20cm_KerzeBirkenzweig-236x300.jpg" alt="" width="236" height="300" srcset="https://slanda.de/wp-content/uploads/2018/09/Glas20cm_KerzeBirkenzweig-236x300.jpg 236w, https://slanda.de/wp-content/uploads/2018/09/Glas20cm_KerzeBirkenzweig.jpg 479w" sizes="auto, (max-width: 236px) 100vw, 236px" />Die neuesten Gegenstände in unserem Sortiment sind Glasbehälter unterschiedlicher Höhe (10-30cm) und mit unterschiedlichen Durchmessern (5-15cm), weihnachtlich in Szene gesetzt, die mit einer passenden Kerze, die in Deko-Kieselsteine eingebettet ist, abgerundet sind.</p>
<p>&nbsp;</p>
<p>&nbsp;</p>
<p>&nbsp;</p>
<hr>
<p><strong>Bei allen Dekogegenständen handelt es sich um handgefertigte Produkte, die für sich einzigartig sind. Die abgebildete Größe oder Farbe oder auch kleine Details der Ausstattung können im Original leicht abweichen, die Abbildungen sollen nur den Gesamteindruck vermitteln.</strong></p>
<hr>
<h4 style="text-indent: 2px; text-align: left; word-spacing: normal; letter-spacing: 1px; font-variant: small-caps;">Einige Beispiele Bereits Gebauter Exemplare</h4>
ngg_shortcode_0_placeholder

<p>Märchenhaft, idyllische Winterlandschaften, Schneeballschlachten lachender Kinder gepaart mit vorweihnachtlicher Stimmung.. lassen Sie sich von unseren sinnlichen Engelsfiguren umhüllt von festlich geschmückten Schalen verzaubern! KURZE BESCHREIBUNG Schalen Alle Objekte sind zwischen 15- 25 cm breit/tief und zwischen 20-30cm hoch. Die Schalen sind aus Beton, die Figuren teilweise aus Beton/Gips/Ton, die anderen Gegenstände aus Hart-Kunststoff, zusätzlich finden &hellip; <a href="https://slanda.de/?page_id=178" class="more-link">Continue reading <span class="screen-reader-text">Weihnachten</span></a></p>
